 of 357 and 96.
3
What is the greatest common factor of 67 and 9?
1
What is the highest common factor of 104 and 5876?
52
What is the greatest common factor of 133 and 7?
7
What is the greatest common factor of 4100 and 10?
10
Calculate the greatest common divisor of 76 and 38.
38
Calculate the highest common divisor of 160744 and 283.
283
Calculate the highest common factor of 6536 and 190.
38
What is the greatest common divisor of 16825 and 25?
25
What is the greatest common factor of 15 and 2145?
15
What is the highest common factor of 2479 and 74?
37
Calculate the highest common factor of 448 and 160.
32
What is the greatest common factor of 350 and 42?
14
What is the greatest common factor of 912 and 57?
57
Calculate the greatest common factor of 93 and 248.
31
Calculate the highest common factor of 65 and 104.
13
Calculate the highest common factor of 28 and 4396.
28
Calculate the greatest common factor of 6 and 93.
3
What is the highest common divisor of 25 and 200?
25
What is the greatest common divisor of 52 and 2132?
52
Calculate the highest common divisor of 1420 and 213.
71
What is the greatest common divisor of 10 and 590?
10
What is the highest common factor of 234 and 261?
9
What is the highest common factor of 216 and 6858?
54
What is the greatest common factor of 680 and 60?
20
Calculate the greatest common divisor of 368 and 8.
8
Calculate the highest common factor of 387 and 16383.
129
What is the highest common divisor of 783 and 29?
29
Calculate the highest common divisor of 20 and 940.
20
What is the highest common divisor of 44 and 132?
44
Calculate the greatest common factor of 6 and 1812.
6
What is the greatest common divisor of 112 and 35?
7
What is the greatest common divisor of 6850 and 50?
50
What is the greatest common factor of 4836 and 234?
78
Calculate the greatest common divisor of 1 and 256.
1
What is the highest common factor of 13 and 3107?
13
What is the highest common factor of 48 and 32?
16
Calculate the greatest common factor of 326 and 4401.
163
Calculate the highest common factor of 2581 and 116.
29
Calculate the highest common divisor of 260 and 156.
52
Calculate the greatest common divisor of 345 and 60.
15
What is the greatest common divisor of 165 and 297?
33
Calculate the greatest common divisor of 399 and 228.
57
What is the greatest common factor of 4815 and 720?
45
Calculate the greatest common divisor of 259 and 4736.
37
Calculate the greatest common factor of 474 and 1501.
79
What is the highest common divisor of 196 and 931?
49
Calculate the highest common factor of 454 and 2.
2
Calculate the greatest common factor of 63 and 14.
7
What is the highest common factor of 225 and 75?
75
Calculate the greatest common divisor of 13 and 17420.
13
Calculate the highest common factor of 35 and 875.
35
What is the greatest common divisor of 42 and 70?
14
Calculate the highest common factor of 93312 and 18.
18
What is the greatest common factor of 20 and 9290?
10
Calculate the greatest common factor of 307 and 48199.
307
Calculate the highest common divisor of 864 and 396.
36
Calculate the highest common factor of 40965 and 15.
15
Calculate the highest common divisor of 488 and 16.
8
Calculate the greatest common factor of 1376 and 128.
32
Calculate the greatest common factor of 40 and 380.
20
What is the greatest common divisor of 77 and 11?
11
What is the greatest common factor of 651 and 336?
21
Calculate the highest common factor of 21088 and 64.
32
Calculate the greatest common divisor of 79 and 79.
79
What is the greatest common factor of 132 and 55?
11
Calculate the greatest common divisor of 18 and 6498.
18
What is the highest common divisor of 74 and 333?
37
Calculate the highest common factor of 312 and 76128.
312
Calculate the greatest common factor of 1357 and 46.
23
Calculate the greatest common factor of 21240 and 9.
9
What is the highest common factor of 28 and 1722?
14
Calculate the highest common factor of 1035 and 90.
45
What is the greatest common divisor of 128 and 1024?
128
What is the highest common divisor of 240 and 9680?
80
Calculate the greatest common factor of 1178 and 682.
62
Calculate the greatest common factor of 106 and 583.
53
What is the greatest common divisor of 768 and 24?
24
Calculate the highest common factor of 644 and 6601.
161
Calculate the highest common factor of 28 and 12712.
28
What is the highest common divisor of 183 and 4453?
61
What is the highest common factor of 81 and 63?
9
Calculate the highest common divisor of 14454 and 198.
198
What is the highest common factor of 2717 and 627?
209
What is the highest common factor of 476 and 140?
28
What is the highest common divisor of 14183 and 65?
13
What is the highest common factor of 188 and 7426?
94
What is the greatest common divisor of 143 and 39?
13
What is the highest common divisor of 22 and 8646?
22
Calculate the highest common factor of 612 and 792.
36
Calculate the highest common factor of 11 and 649.
11
What is the greatest common factor of 817 and 19?
19
Calculate the greatest common factor of 348 and 290.
58
What is the greatest common divisor of 15 and 5?
5
Calculate the greatest common factor of 99 and 51183.
99
Calculate the greatest common divisor of 65 and 1625.
65
Calculate the greatest common divisor of 12905 and 145.
145
Calculate the greatest common divisor of 32 and 3600.
16
Calculate the greatest common factor of 110 and 2222.
22
What is the greatest common factor of 390 and 1053?
39
What is the highest common factor of 480 and 15?
15
Calculate the highest common factor of 278 and 25159.
139
What is the greatest common factor of 8 and 56?
8
Calculate the highest common factor of 1378 and 1060.
106
Calculate the greatest common factor of 832 and 52.
52
Calculate the greatest common factor of 45 and 16785.
45
Calculate the highest common factor of 1276 and 132.
44
What is the greatest common divisor of 327 and 36?
3
Calculate the highest common factor of 437 and 551.
19
Calculate the highest common divisor of 3157 and 11.
11
Calculate the highest common factor of 13 and 2587.
13
Calculate the greatest common divisor of 13 and 1703.
13
Calculate the greatest common divisor of 68 and 36.
4
What is the highest common factor of 23160 and 240?
120
What is the greatest common factor of 54 and 198?
18
What is the greatest common divisor of 256 and 16?
16
Calculate the highest common divisor of 5 and 2695.
5
What is the greatest common factor of 45 and 405?
45
Calculate the highest common factor of 5642 and 546.
182
Calculate the highest common factor of 1414 and 252.
14
What is the highest common factor of 448 and 266?
14
Calculate the greatest common factor of 705 and 15.
15
What is the highest common divisor of 22 and 99?
11
Calculate the greatest common divisor of 14626 and 142.
142
Calculate the greatest common factor of 104 and 299.
13
Calculate the greatest common divisor of 264 and 2618.
22
What is the greatest common factor of 307 and 64777?
307
What is the highest common divisor of 294 and 1274?
98
What is the greatest common factor of 1085 and 35?
35
Calculate the highest common factor of 83 and 2905.
83
What is the highest common divisor of 114 and 171?
57
Calculate the greatest common factor of 272 and 476.
68
What is the greatest common factor of 13 and 13?
13
Calculate the greatest common divisor of 272 and 40.
8
What is the highest common divisor of 12 and 384?
12
What is the greatest common factor of 9584 and 32?
16
What is the highest common factor of 4 and 14?
2
What is the highest common factor of 5360 and 80?
80
What is the greatest common factor of 30 and 9375?
15
What is the greatest common factor of 48 and 248?
8
Calculate the greatest common factor of 12 and 264.
12
Calculate the highest common factor of 156 and 195.
39
What is the highest common divisor of 112 and 7?
7
What is the highest common factor of 3435 and 60?
15
Calculate the highest common divisor of 279 and 117.
9
Calculate the highest common factor of 945 and 2.
1
Calculate the greatest common divisor of 1824 and 2584.
152
What is the greatest common divisor of 264 and 600?
24
What is the highest common divisor of 90 and 130?
10
Calculate the highest common divisor of 84 and 5012.
28
Calculate the gre